mine f(7).
69
Let x(u) = -u**3 - 54*u**2 + 126*u - 520. Give x(-57).
2045
Let a(i) = i**3 + 124*i**2 - 639*i - 16237. Determine a(-128).
19
Let x(q) = -q**3 + 44*q**2 - 1818*q - 3819. What is x(-2)?
1
Let h(g) = -4*g**2 - 6757*g + 1055948. Give h(144).
-4
Let n(y) = 4*y**2 - 4565*y - 41151. What is n(-9)?
258
Let j(q) = -q**3 - 40*q**2 - 1771*q - 67554. What is j(-39)?
-6
Let n(g) = 1011*g + 3301. Give n(-3).
268
Let g(a) = -a**3 + 76*a**2 + 782*a - 54291. Give g(77).
-6
Let x(h) = 312571*h - 7189128. Give x(23).
5
Let c(m) = 216*m + 59884. Give c(-277).
52
Let t(i) = -3*i**3 + 3*i**2 + 10*i - 455. Determine t(0).
-455
Let l(u) = 45*u - 1174. Give l(31).
221
Let f(n) = 26430*n - 660154. Give f(25).
596
Let r(z) = z**2 - 103*z - 223. Give r(102).
-325
Let a(r) = r**2 - 336*r + 9751. Determine a(32).
23
Let a(v) = -556*v - 25897. Calculate a(-50).
1903
Let c(n) = -n**3 + 173*n**2 - 5605*n + 639. Give c(43).
-6
Let q(z) = -z**2 - 1916*z + 7680. Determine q(4).
0
Let n(q) = -q**2 + 12580*q + 1395846. What is n(-110)?
-54
Let l(f) = 76*f**3 + 3*f**2 - 71*f - 141. Determine l(-2).
-595
Let d(v) = v**3 + 165*v**2 - 519*v - 2354. Calculate d(-168).
166
Let o(i) = 2*i**3 + 21*i**2 + 33*i + 258. Give o(-9).
204
Let d(v) = -v**3 - 62*v**2 + 100*v + 9803. Calculate d(-61).
-18
Let w(j) = -j**3 - 9*j**2 + 320*j + 3137. Give w(-8).
513
Let o(l) = -2*l**3 + 1203*l**2 + 4273*l - 23007. Calculate o(605).
-17
Let l(y) = -2064*y - 103516. What is l(-50)?
-316
Let b(z) = 308340*z - 308298. Calculate b(1).
42
Let z(o) = o**3 + 92*o**2 + 873*o - 402. Give z(-12).
642
Let q(i) = -24367*i - 4069310. Calculate q(-167).
-21
Let s(m) = 3928*m - 27498. Calculate s(7).
-2
Let h(u) = -72474*u + 579605. What is h(8)?
-187
Let y(b) = -20*b**2 + 1416*b - 8389. What is y(6)?
-613
Let c(b) = 2*b**3 + 34*b**2 + 584*b + 12437. What is c(-19)?
-103
Let l(s) = 3*s**2 - 79*s + 379. Calculate l(6).
13
Let u(s) = -611*s**2 - 1291*s - 127. Give u(-2).
11
Let s(t) = -2*t**2 + 3426*t + 339693. Calculate s(-94).
-23
Let k(n) = 9713*n + 87476. Determine k(-9).
59
Let d(i) = i**2 + 82*i - 168. Give d(12).
960
Let u(z) = 284563*z + 2561063. Calculate u(-9).
-4
Let g(z) = -z**3 + 334*z**2 - 5688*z + 109. Give g(316).
109
Let g(j) = 551*j**2 + 150*j - 10. Give g(-2).
1894
Let u(s) = -3604*s - 309909. What is u(-86)?
35
Let k(m) = -258507*m - 3. Calculate k(0).
-3
Let z(w) = -w**3 - 80*w**2 + 1843*w + 126579. Give z(-84).
-9
Let z(i) = 2*i**3 + 95*i**2 - 577*i + 58. What is z(-53)?
-260
Let j(r) = 45*r**2 + 13513*r + 3914. What is j(-300)?
14
Let q(y) = y**2 + 901*y - 10014. Give q(11).
18
Let j(h) = 1344*h + 29689. Give j(-22).
121
Let f(k) = -1528*k + 189801. Calculate f(124).
329
Let p(o) = 136*o**2 + 1632*o + 5. Calculate p(-12).
5
Let b(x) = -x**3 + 116*x**2 + 363*x - 716. Give b(119).
-2
Let d(a) = 321*a - 4898. Calculate d(15).
-83
Let b(q) = -2*q**2 - 483*q - 12702. Determine b(-30).
-12
Let k(h) = -4302*h - 189267. Determine k(-44).
21
Let n(z) = 848*z**2 + 61897*z - 530. Give n(-73).
-19
Let u(z) = z**2 + 262*z - 2477. What is u(9)?
-38
Let i(r) = 5*r**2 - 33*r - 935. Determine i(-11).
33
Let u(y) = 21735*y + 4238306. Give u(-195).
-19
Let f(a) = 663772*a + 23895766. Determine f(-36).
-26
Let s(u) = 19*u**2 + 2103*u - 132. Determine s(-112).
2668
Let q(r) = 4*r**3 + 66*r**2 - 15*r - 82. Calculate q(-16).
670
Let f(d) = -100*d**3 - 853*d**2 - 430*d - 31. What is f(-8)?
17
Let g(z) = 89534*z + 7699970. Calculate g(-86).
46
Let k(q) = 2*q**3 + 176*q**2 + 275*q - 5920. What is k(-86)?
14
Let w(s) = -s**2 - 576*s + 333075. Calculate w(357).
-6
Let j(s) = -2*s + 387. Determine j(183).
21
Let a(t) = 2*t**3 - 6*t**2 - 102*t - 26. What is a(-7)?
-292
Let b(l) = l**3 + 307*l**2 - 864*l + 20464. What is b(-310)?
4
Let n(q) = 11*q**2 - 9266*q - 347851. What is n(-36)?
-19
Let q(x) = -16915*x + 287537. Give q(17).
-18
Let v(k) = -k**3 - 36*k**2 - 284*k - 1674. Give v(-28).
6
Let u(a) = a**3 + 100*a**2 - 731*a + 1710. What is u(-107)?
-216
Let n(f) = -2289*f + 7030. Determine n(3).
163
Let l(w) = 2*w**2 + 306*w - 72507. Give l(-282).
249
Let x(p) = -21*p**2 + 17083*p - 135325. What is x(8)?
-5
Let t(g) = -794*g + 40442. Give t(51).
-52
Let q(t) = t**3 - 171*t**2 + 157*t + 2258. Give q(170).
48
Let w(m) = -43*m**3 - 3050*m**2 + 215*m + 159. Give w(-71).
17
Let t(v) = -13788*v + 261625. Give t(19).
-347
Let u(k) = -118*k**2 - 3779*k - 93. Determine u(-32).
3
Let m(o) = 261*o + 9245. Determine m(-38).
-673
Let g(i) = -211973*i + 5935242. Give g(28).
-2
Let d(z) = -1269*z - 13918. What is d(-11)?
41
Let c(s) = -2*s**3 + 45*s**2 - 64*s - 790. What is c(6)?
14
Let x(j) = j**2 - 4237*j - 9728582. Calculate x(-1652).
46
Let k(g) = g**3 + 54*g**2 + 256*g - 21. Determine k(-5).
-76
Let n(b) = 1034*b + 400161. Give n(-387).
3
Let c(r) = 1057*r**2 - 221*r - 85. Calculate c(-1).
1193
Let a(j) = 2591*j - 32879. Determine a(13).
804
Let p(r) = 2*r**3 + 317*r**2 + 466*r - 1158. Determine p(-157).
-373
Let j(l) = l**3 - 40*l**2 + 130*l + 840. What is j(36)?
336
Let i(q) = q**2 + 203*q - 5195. Calculate i(23).
3
Let f(n) = 2*n**3 + 18*n**2 - 16*n - 283. Give f(-9).
-139
Let o(t) = -433*t**2 + 2139*t + 175. Calculate o(5).
45
Let d(h) = -h**3 - 332*h**2 + 1009*h + 1368. Determine d(-335).
28
Let a(y) = 10*y**2 + 6308*y - 1245. Give a(-631).
17
Let p(g) = 1201*g + 11351. Give p(-9).
542
Let b(z) = 2*z**2 - 275*z + 704. What is b(135)?
29
Let b(q) = -424*q + 29394. Give b(70).
-286
Let m(w) = 420*w - 13. Calculate m(0).
-13
Let q(h) = h**3 + 1111*h**2 - 18037*h - 5641. Give q(-1127).
-6
Let u(m) = -17*m**3 + m**2 - 7. Determine u(-3).
461
Let d(r) = -82726*r - 827465. Calculate d(-10).
-205
Let u(h) = 2511*h - 768338. What is u(306)?
28
Let u(b) = -58180*b + 1803582. Give u(31).
2
Let z(f) = -f**3 - 55*f**2 + 726*f - 480. Give z(-66).
-480
Let c(l) = -3*l**2 - 809*l + 58075. What is c(59)?
-99
Let l(o) = -148*o - 42628. Calculate l(-288).
-4
Let w(t) = -t**3 + 16*t**2 + 3*t - 56. Determine w(12).
556
Let o(n) = -18973*n - 777885. Calculate o(-41).
8
Let y(d) = 2158*d - 110017. What is y(51)?
41
Let o(k) = 3*k**3 - 285*k**2 + 301*k + 567. What is o(94)?
2353
Let h(v) = -v**2 - 27456*v - 630958. Calculate h(-23).
1
Let u(l) = -l**3 + 11*l**2 + 104*l + 12. Determine u(-6).
0
Let w(l) = -3*l**3 - 823*l**2 + 3839*l + 1126967. Calculate w(-274).
5
Let c(l) = -3*l**2 - 689*l + 118004. Give c(-344).
12
Let b(p) = -122*p - 1388. Determine b(-14).
320
Let m(s) = 516*s**3 + 3*s**2 + 6*s + 3. Determine m(-1).
-516
Let z(y) = y**3 + 156*y**2 - 1053*y - 2073. Determine z(8).
-1
Let p(r) = 676358*r + 79133879. Give p(-117).
-7
Let y(z) = -32968*z - 131858. Give y(-4).
14
Let h(x) = 76379*x + 305534. Calculate h(-4).
18
Let p(x) = 475*x**2 + 7*x - 15. Determine p(0).
-15
Let u(j) = 10845*j + 737464. Determine u(-68).
4
Let c(m) = 8098*m - 162038. Calculate c(20).
-78
Let g(l) = 3105*l + 38315. Determine g(-13).
-2050
Let o(q) = -7*q**2 - 88275*q - 2. Give o(0).
-2
Let l(o) = -o**3 - 44*o**2 - 849*o - 21927. What is l(-37)?
-97
Let u(g) = -2845*g - 22964. Determine u(-8).
-204
Let h(p) = 34*p**2 - 201*p - 779. Determine h(-4).
569
Let d(y) = -y**3 + 71*y**2 - 175*y - 1477. What is d(68)?
495
Let w(j) = 12439*j + 99569. Calculate w(-8).
57
Let d(z) = z**3 - z**2 + 4543*z + 13661. Determine d(-3).
-4
Let h(c) = 968*c - 53225. Calculate h(55).
15
Let g(f) = -44213*f - 221071. What is g(-5)?
-6
Let w(h) = -h**3 + 22*h**2 + 2150*h - 30. Give w(-36).
-2262
Let b(m) = m**3 - 163*m**2 + 3559*m - 641710. What is b(165)?
-25
Let s(a) = a**2 - 2620*a + 1467102. Determine s(811).
3
Let i(k) = k**2 + 158*k - 15110. What is i(-225)?
-35
Let x(p) = 22918*p - 1695928. Calculate x(74).
4
Let j(f) = 26*f**2 - 140*f + 910. What is j(8)?
1454
Let t(s) = -s**2 - 243*s + 97801. Determine t(214).
3
Let t(u) = -49530*u + 842038. Calculate t(17).
28
Let s(h) = -3*h**2 + 261*h + 254. Calculate s(87).
254
Let t(d) = 32260*d - 322586. Give t(10).
14
Let l(t) = -335*t**2 + 4177*t - 12533. What is l(3)?
-3017
Let b(u) = -4088*u**2 - 12146*u + 7. Calculate b(-3).
-347
Let w(g) = -22*g**3 + 923*g**2 + 123*g - 3476. Give w(42).
-74
Let v(a) = 7028*a - 4118402. Give v(586).
6
Let g(s) = -s**2 - 68*s - 530. What is g(-23)?
505
Let k(l) = -2696*l - 115916. Calculate